{"id":5,"date":"2021-11-16T00:13:36","date_gmt":"2021-11-15T21:13:36","guid":{"rendered":"https:\/\/kancakurumsal.com\/?page_id=5"},"modified":"2021-11-16T02:41:06","modified_gmt":"2021-11-15T23:41:06","slug":"one-page-express","status":"publish","type":"page","link":"https:\/\/kancakurumsal.com\/","title":{"rendered":"Front Page"},"content":{"rendered":"<div  id=\"overlapable-2\" style=\"background-color: #ffffff;\" data-label=\"Overlapable\" data-id=\"stripped-coloured-icon-boxes\" data-category=\"overlapable\" class=\"features-coloured-icon-boxes-section\" data-overlap=\"true\"> <div  class=\"gridContainer\"> <div  class=\"features-coloured-icon-boxes-innerrow flexbox-list dark-text\" data-type=\"row\"> <div  class=\"features-coloured-icon-boxes-featurecol cp3cols\"> <div  class=\"features-coloured-icon-boxes-iconcontainer\" data-content-item-container=\"true\"> <i  data-cp-fa=\"true\" class=\"features-coloured-icon fa fa-briefcase\"><\/i> <\/div> <h4  class=\"\">Dan\u0131\u015fmanl\u0131k<\/h4> <p  class=\"\">\u015eartname haz\u0131rlama, proses sorunlar\u0131na \u00e7\u00f6z\u00fcm bulunmas\u0131 ve daha kazan\u00e7l\u0131 bir i\u015fletmecilik i\u00e7in dan\u0131\u015fmanl\u0131k hizmeti sunmaktay\u0131z.\n<\/p> <a class=\"features-coloured-button\" href=\"#\" target=\"_self\" rel=\"noopener\">Daha Fazla<\/a> <\/div> <div  class=\"features-coloured-icon-boxes-featurecol cp3cols\"> <div  class=\"features-coloured-icon-boxes-iconcontainer\" data-content-item-container=\"true\"> <i  data-cp-fa=\"true\" class=\"features-coloured-icon fa fa-gears\"><\/i> <\/div> <h4  class=\"\">Hizmetler<\/h4> <p  class=\"\">Proje Y\u00f6netimi Tasar\u0131m &amp; M\u00fchendislik\n<br >Sat\u0131\u015f Hizmetleri\n<br ><br >\n<br ><br >\n<\/p> <a class=\"features-coloured-button\" href=\"#\" target=\"_self\" rel=\"noopener\">Daha Fazla<\/a> <\/div> <div  class=\"features-coloured-icon-boxes-featurecol cp3cols\"> <div  class=\"features-coloured-icon-boxes-iconcontainer\" data-content-item-container=\"true\"> <i  data-cp-fa=\"true\" class=\"features-coloured-icon fa fa-slideshare\"><\/i> <\/div> <h4  class=\"\">\u00c7\u00f6z\u00fcmler<\/h4> <p  class=\"\">Kimyasal Dozajlama Sistemleri,\n<br >Kimyasal Y\u0131kama S\u00fcperviz\u00f6rl\u00fck ve \u0130\u015flemleri,\n<br >Swas Sampling Sitemleri\n<br >Ar\u0131tma Sistem Dizayn\u0131 ve Kurulumu<\/p> <a class=\"features-coloured-button\" href=\"#\" target=\"_self\" rel=\"noopener\">Daha Fazla<\/a> <\/div> <div  class=\"features-coloured-icon-boxes-featurecol cp3cols\"> <div  class=\"features-coloured-icon-boxes-iconcontainer\" data-content-item-container=\"true\"> <i  data-cp-fa=\"true\" class=\"features-coloured-icon fa fa-handshake-o\"><\/i> <\/div> <h4  class=\"\">Referanslar<\/h4> <p  class=\"\">Referanlar\u0131m\u0131z b\u00f6l\u00fcm\u00fc i\u00e7in \u00e7al\u0131\u015fma devam etmektedir.\n<br ><br >\n<br ><br >\n<\/p> <a class=\"features-coloured-button\" href=\"#\" target=\"_self\" rel=\"noopener\">Daha Fazla<\/a> <\/div> <\/div> <\/div><\/div><div  id=\"numbers\" data-label=\"Numbers\" data-id=\"numbers-section\" data-category=\"numbers\" data-bg=\"transparent\" class=\"numbers-section\" data-parallax-depth=\"20\"> <div  class=\"gridContainer dynamic-color\"> <div  class=\"numbers-itemcol\"> <h2  class=\"numbers-numbertext\">23<\/h2> <h3  class=\"numbers-titletext\">PROJE<\/h3> <\/div> <div  class=\"numbers-itemcol\"> <h2  class=\"numbers-numbertext\">340<\/h2> <h3  class=\"numbers-titletext\">SAAT SAHA \u00c7ALI\u015eMASI<\/h3> <\/div> <div  class=\"numbers-itemcol-last\"> <h2  class=\"numbers-numbertext\">5<\/h2> <h3  class=\"numbers-titletext\">\u00c7ALI\u015eAN<\/h3> <\/div> <\/div><\/div><div  id=\"contact-4\" data-label=\"Contact\" data-id=\"contact-section\" data-category=\"contact\" data-bg=\"transparent\" class=\"contact-section-formsection white-text\"> <div  class=\"gridContainer\"> <div  class=\"row_224\"> <div  class=\"contact-textrow\"> <div  class=\"contact-textcol dynamic-color\"> <h2  class=\"\">L\u00fctfen Bizimle \u0130leti\u015fime Ge\u00e7in<\/h2> <p  class=\"white_text\">Her t\u00fcrl\u00fc soru ve talepleriniz i\u00e7in bizimle irtibata ge\u00e7ebilirsiniz.&nbsp;<\/p> <\/div> <\/div> <\/div> <div  class=\"contact-formcol\" data-content-shortcode=\"one_page_express_contact_form shortcode=&quot;contact-form-7 id=&amp;amp;quot;7&amp;amp;quot; title=&amp;amp;quot;\u0130leti\u015fim formu 1&amp;amp;quot;&quot;\" data-editable=\"true\">\n<div class=\"wpcf7 no-js\" id=\"wpcf7-f7-o1\" lang=\"tr-TR\" dir=\"ltr\" data-wpcf7-id=\"7\">\n<div class=\"screen-reader-response\"><p role=\"status\" aria-live=\"polite\" aria-atomic=\"true\"><\/p> <ul><\/ul><\/div>\n<form action=\"\/index.php?rest_route=%2Fwp%2Fv2%2Fpages%2F5#wpcf7-f7-o1\" method=\"post\" class=\"wpcf7-form init\" aria-label=\"\u0130leti\u015fim Formu\" novalidate=\"novalidate\" data-status=\"init\">\n<fieldset class=\"hidden-fields-container\"><input type=\"hidden\" name=\"_wpcf7\" value=\"7\" \/><input type=\"hidden\" name=\"_wpcf7_version\" value=\"6.1.5\" \/><input type=\"hidden\" name=\"_wpcf7_locale\" value=\"tr_TR\" \/><input type=\"hidden\" name=\"_wpcf7_unit_tag\" value=\"wpcf7-f7-o1\" \/><input type=\"hidden\" name=\"_wpcf7_container_post\" value=\"0\" \/><input type=\"hidden\" name=\"_wpcf7_posted_data_hash\" value=\"\" \/>\n<\/fieldset>\n<p><label> Ad\u0131n\u0131z<br \/>\n<span class=\"wpcf7-form-control-wrap\" data-name=\"your-name\"><input size=\"40\" maxlength=\"400\" class=\"wpcf7-form-control wpcf7-text wpcf7-validates-as-required\" aria-required=\"true\" aria-invalid=\"false\" value=\"\" type=\"text\" name=\"your-name\" \/><\/span> <\/label>\n<\/p>\n<p><label> E-posta adresiniz<br \/>\n<span class=\"wpcf7-form-control-wrap\" data-name=\"your-email\"><input size=\"40\" maxlength=\"400\" class=\"wpcf7-form-control wpcf7-email wpcf7-validates-as-required wpcf7-text wpcf7-validates-as-email\" aria-required=\"true\" aria-invalid=\"false\" value=\"\" type=\"email\" name=\"your-email\" \/><\/span> <\/label>\n<\/p>\n<p><label> Konu<br \/>\n<span class=\"wpcf7-form-control-wrap\" data-name=\"your-subject\"><input size=\"40\" maxlength=\"400\" class=\"wpcf7-form-control wpcf7-text wpcf7-validates-as-required\" aria-required=\"true\" aria-invalid=\"false\" value=\"\" type=\"text\" name=\"your-subject\" \/><\/span> <\/label>\n<\/p>\n<p><label> \u0130letiniz (tercihe ba\u011fl\u0131)<br \/>\n<span class=\"wpcf7-form-control-wrap\" data-name=\"your-message\"><textarea cols=\"40\" rows=\"10\" maxlength=\"2000\" class=\"wpcf7-form-control wpcf7-textarea\" aria-invalid=\"false\" name=\"your-message\"><\/textarea><\/span> <\/label>\n<\/p>\n<p><input class=\"wpcf7-form-control wpcf7-submit has-spinner\" type=\"submit\" value=\"G\u00f6nder\" \/>\n<\/p><div class=\"wpcf7-response-output\" aria-hidden=\"true\"><\/div>\n<\/form>\n<\/div>\n<\/div> <\/div><\/div>","protected":false},"excerpt":{"rendered":"<p>Dan\u0131\u015fmanl\u0131k \u015eartname haz\u0131rlama, proses sorunlar\u0131na \u00e7\u00f6z\u00fcm bulunmas\u0131 ve daha kazan\u00e7l\u0131 bir i\u015fletmecilik i\u00e7in dan\u0131\u015fmanl\u0131k hizmeti sunmaktay\u0131z. Daha Fazla Hizmetler Proje Y\u00f6netimi Tasar\u0131m &amp; M\u00fchendislik Sat\u0131\u015f Hizmetleri Daha Fazla \u00c7\u00f6z\u00fcmler Kimyasal Dozajlama Sistemleri, Kimyasal Y\u0131kama S\u00fcperviz\u00f6rl\u00fck ve \u0130\u015flemleri, Swas Sampling Sitemleri Ar\u0131tma Sistem Dizayn\u0131 ve Kurulumu Daha Fazla Referanslar Referanlar\u0131m\u0131z b\u00f6l\u00fcm\u00fc i\u00e7in \u00e7al\u0131\u015fma devam etmektedir. Daha&hellip; <br \/> <a class=\"button small blue\" href=\"https:\/\/kancakurumsal.com\/?p=55\">Devam\u0131<\/a><\/p>\n","protected":false},"author":1,"featured_media":0,"parent":0,"menu_order":0,"comment_status":"closed","ping_status":"closed","template":"","meta":{"pagelayer_contact_templates":[],"_pagelayer_content":"","footnotes":""},"class_list":["post-5","page","type-page","status-publish","hentry"],"_links":{"self":[{"href":"https:\/\/kancakurumsal.com\/index.php?rest_route=\/wp\/v2\/pages\/5","targetHints":{"allow":["GET"]}}],"collection":[{"href":"https:\/\/kancakurumsal.com\/index.php?rest_route=\/wp\/v2\/pages"}],"about":[{"href":"https:\/\/kancakurumsal.com\/index.php?rest_route=\/wp\/v2\/types\/page"}],"author":[{"embeddable":true,"href":"https:\/\/kancakurumsal.com\/index.php?rest_route=\/wp\/v2\/users\/1"}],"replies":[{"embeddable":true,"href":"https:\/\/kancakurumsal.com\/index.php?rest_route=%2Fwp%2Fv2%2Fcomments&post=5"}],"version-history":[{"count":7,"href":"https:\/\/kancakurumsal.com\/index.php?rest_route=\/wp\/v2\/pages\/5\/revisions"}],"predecessor-version":[{"id":47,"href":"https:\/\/kancakurumsal.com\/index.php?rest_route=\/wp\/v2\/pages\/5\/revisions\/47"}],"wp:attachment":[{"href":"https:\/\/kancakurumsal.com\/index.php?rest_route=%2Fwp%2Fv2%2Fmedia&parent=5"}],"curies":[{"name":"wp","href":"https:\/\/api.w.org\/{rel}","templated":true}]}}